st the prime factors of s.
2, 3
Let t(m) = -9110*m - 825. List the prime factors of t(-5).
5, 1789
Suppose 339 = 18*y + 303. Suppose 670 = y*r - 5*a, -r - 116 + 451 = 5*a. What are the prime factors of r?
5, 67
Let c = -222 - -252. What are the prime factors of 278/3 + 10/c?
3, 31
Let k(c) = 4*c**2 - 7*c + 32. Let n be k(10). Let w = 364 - n. What are the prime factors of w?
2
Let n be 368/72 - (-1)/(-9). Suppose -2*d + 343 + 97 = u, 0 = n*u - 2*d - 2260. List the prime factors of u.
2, 3, 5
Let v(u) = -12*u + 1. Let r be v(-13). Let m(k) = 157*k - 39. Let z be m(2). Let o = z - r. List the prime factors of o.
2, 59
Suppose 2*b + 0*b = 430. Suppose -67*f = 23*f + 2970. Let m = f + b. List the prime factors of m.
2, 7, 13
Let v(c) = 7*c**3 - 17*c**2 + 4*c + 7. Let x be v(7). Suppose p = -5, 3*m - 4*p - p - x = 0. What are the prime factors of m?
2, 263
Suppose 3*b = -2*p + 613, -5*b - p = -10*b + 1013. Let s = -71 + b. What are the prime factors of s?
2, 3, 11
Let i be 5 + -1 + 0 - (5 + -5). Suppose 3*v + 821 = -4*k - 815, 2198 = -i*v + 3*k. What are the prime factors of -2*(-3)/((-24)/v) + 1?
2, 3, 23
Let b(v) = -50*v + 419. Let q be b(8). Suppose 3*k = 5*t - 6139, 17*t - q*t + 2*k = -2454. List the prime factors of t.
1229
Suppose 20 = 4*t, 3*f - 10*t - 22478 = -8*t. List the prime factors of f.
2, 937
Suppose 3*j - 10 = j. Suppose -4*a = -4*k + 3*k + 25, j*k = a + 30. Suppose 5*v - 753 = r + 333, -k*v + 1110 = 5*r. List the prime factors of v.
2, 109
Suppose -s - 2*l - 22611 = -66202, 0 = l + 6. List the prime factors of s.
7, 6229
Suppose 0 = -3*m + 99*q - 100*q + 29418, -2*m + 5*q + 19629 = 0. What are the prime factors of m?
3, 7, 467
Let n = -383 - -367. List the prime factors of (-85)/40 + 2 + (-7602)/n.
5, 19
Suppose -185*c + 221*c = 452844. List the prime factors of c.
3, 7, 599
Suppose -4*d = -403 - 461. Let j be d/(-10)*40/(-3). Suppose s + j = 7*s. List the prime factors of s.
2, 3
Let m(p) be the second derivative of -25*p**3/3 + 123*p**2/2 - 219*p. What are the prime factors of m(-16)?
13, 71
Let t(o) = 139*o**3 - 8*o**2 + 95*o - 62. List the prime factors of t(8).
2, 35677
Suppose i - 15143 = -g, 4*g = i + 2879 - 18047. What are the prime factors of i?
2, 7, 541
Let g = 1117 + -658. Let d = 699 - g. What are the prime factors of d?
2, 3, 5
Suppose 3929*w - 4*z + 326576 = 3934*w, 0 = 5*w + 3*z - 326567. What are the prime factors of w?
2, 29, 563
Let j(l) = 104*l - 2. Let f be j(9). Let p = 17 + -23. List the prime factors of p/(-10) - f/(-10).
2, 47
Let s(n) = n**2 + n - 6. Let w be s(5). What are the prime factors of 92 + w/6 + 2?
2, 7
Let b(l) = 13*l - 3. Let x(p) = -25*p + 6. Let g(t) = 13*b(t) + 6*x(t). Suppose -c - 5*z - 3 = 0, -72*z + 75*z = -3. What are the prime factors of g(c)?
5, 7
Let o = -351 - -534. Suppose 2*n - o = 105. What are the prime factors of n?
2, 3
Let o(p) = -13*p + 2. Let s be o(0). Suppose -s*z = 5*h + z - 5202, z = -4*h + 4163. List the prime factors of h.
3, 347
Let a(y) = y**2 - 3*y + 9. Let c be a(4). Suppose t + h = c, -4*t + 8 = 5*h - 40. List the prime factors of t.
17
Suppose -16*y - 671 + 2415 = 0. Let v(w) = w**2 + 9*w + 2. Let l be v(-9). Suppose l = z - y. What are the prime factors of z?
3, 37
List the prime factors of (13028/8)/(165/(-140) - 55/(-44)).
7, 3257
What are the prime factors of 2238522/396 - (2/(-10))/((-6)/(-5))?
5653
Let z be ((-297)/63)/(-11) - (-11)/7. Suppose z*g = 479 + 555. List the prime factors of g.
11, 47
Suppose -2*s = i - 353, -4*s + 2*s + 2*i = -368. Suppose -s = -2*r - 29. What are the prime factors of r?
3, 5
Suppose 2*l = -5*p + 8819, -p = -4*l + 21733 - 4040. Suppose -2947 = -2*w + z, 3*w - 42*z - l = -39*z. List the prime factors of w.
3, 491
Let x = -108 - -129. Suppose 0 = x*c - 4426 - 3869. What are the prime factors of c?
5, 79
Suppose 6*u = 4*u - 5*t + 3294, -2*t + 4930 = 3*u. List the prime factors of u.
2, 821
Let c(v) = 16*v**2 + 87*v - 15. Let w be c(-6). Suppose -45*p + 4374 = -w*p. List the prime factors of p.
3
Let o = 160404 + -104564. What are the prime factors of o?
2, 5, 349
Suppose 0 = 47*j - 72246 - 143719. Suppose 7*t = j + 2657. List the prime factors of t.
2, 7, 37
Let s(l) = l**2 + l - 28. Let f be s(-6). Suppose -5*w = -j - f*j - 2466, j = -w + 490. Suppose -3*x + w = 3*x. List the prime factors of x.
2, 41
Let v = 1151 - -40. Let j = v + -194. List the prime factors of j.
997
Suppose -106*u + 2160037 + 3050161 = 300*u. List the prime factors of u.
41, 313
What are the prime factors of 402 + -10 + -15 + 24?
401
Let r be -5188*(-9)/24*-2. Let t = -2775 - r. List the prime factors of t.
2, 3, 31
Let v = -244 + 351. What are the prime factors of (3 + -5 - -4)*v?
2, 107
Suppose -4 = -2*i - 4*t, -5*t + 20 = 5*i - 0*i. Suppose 388 = i*w - 2*w. List the prime factors of w.
97
Let u be 3/(-2)*55/15*-4. Suppose u*z - 29*z + 3647 = 0. What are the prime factors of z?
521
Let j = 109787 + -77608. List the prime factors of j.
7, 4597
Let t be (-28 - -20)*(-1)/2. Suppose -3*d + 5*d + 3*g - 231 = 0, 346 = 3*d + t*g. Let h = 164 - d. List the prime factors of h.
2, 5
Suppose 5*i - 88 = 52*b - 54*b, 5*i + 4*b - 96 = 0. Suppose 5589 = i*q - 7*q. List the prime factors of q.
3, 23
Let x(t) = -22*t - 137. Let l be x(-31). Let d = -344 + l. What are the prime factors of d?
3, 67
Let u(o) be the third derivative of o**6/20 - o**5/20 - o**4/12 - o**3/2 + 4*o**2. Let h be u(-2). What are the prime factors of 12/(-24)*2*h?
59
Suppose 2*n - 158 = s, -4*s = 103*n - 107*n + 312. Let r = 126 - 240. List the prime factors of (r/95)/((-6)/n).
2
Suppose 0 = -r + 2*u + 4997, -3*u + 93 = 75. What are the prime factors of r?
5009
What are the prime factors of (-19 - -50) + 6457 - 1/(-1)?
3, 7, 103
Let c(m) = 3*m**2 + 66*m + 166. List the prime factors of c(22).
2, 5, 307
Suppose 10*i = 8*i + 100. Suppose 0*x - 4*x - 2*g + i = 0, -4*x - 5*g = -65. Let d(c) = c + 27. List the prime factors of d(x).
37
Let p be (-21)/((-35)/(-5)) - -5. Suppose -4*m - 5*o = -1981, 1946 = 11*m - 7*m - p*o. What are the prime factors of m?
3, 163
Let t = 35 + -35. Suppose -5*d - 2339 - 5621 = t. List the prime factors of (1 - -4) + d/(-8).
2, 3, 17
Let o = 6818 + -1416. List the prime factors of o.
2, 37, 73
Suppose 5*n + 62 = 102. Let g(j) = -28*j**2 + 9*j - 17. Let o be g(7). List the prime factors of (2 - o/n) + 2/8.
2, 3, 7
Let w = 362 + -416. List the prime factors of 1*128*(55 + w).
2
Let q be (-3 + 2)/(((-6)/290)/3). Let g = q - -244. What are the prime factors of g?
389
Let h be -2 - (-54)/15 - 4/(-10). Suppose h*n - 513 = -7*n. Let g = n + -52. What are the prime factors of g?
5
Suppose -55*m + 60 = -57*m. Let h = 54 + m. What are the prime factors of 9/h - (-2305)/40?
2, 29
Let w(p) be the first derivative of -p**3/3 + 3*p**2 + p - 1. Let f be w(6). Let o(r) = 117*r + 2. List the prime factors of o(f).
7, 17
Suppose -1786 - 34306 = -14*g. Suppose 4*t - g = 1298. List the prime factors of t.
3, 17, 19
Suppose -4*c + 2*v = 4, -5*c + 3*v = 7*v + 5. Let x be c - -1 - (0 - 54). Suppose 4*j + 2*o = 188, -8*o + 4*o + x = j. What are the prime factors of j?
2, 23
Let q(t) = -t**2 - 4*t + 5. Let n be q(-5). Let i(j) = -j**2 + 57. Let l be i(n). Suppose -u = 2*k - 4*u - l, 4*k - 124 = 4*u. What are the prime factors of k?
2, 3
Let y = -78 + 81. Let t be ((-419)/1)/(y/3*1). Let s = -288 - t. List the prime factors of s.
131
Let u = 281 + -272. Suppose 49*k - u = 48*k. What are the prime factors of k?
3
List the prime factors of (-736544)/(-18) - 42/378.
17, 29, 83
Suppose 5*z + a + a - 46 = 0, 3*z - 28 = -a. Suppose -24 = z*x - 18*x. Suppose 464 = x*j + h + h, 146 = j + 5*h. List the prime factors of j.
2, 3, 13
Let w = -178154 + 260657. What are the prime factors of w?
3, 89, 103
Suppose -2554*b = -2540*b - 159460. List the prime factors of b.
2, 5, 17, 67
Let h be ((-1)/(-3))/((-1)/(-15)). Suppose -j + 123 = -h*w, -2*j + 3*w + 5 = -220. Suppose 317 + j = 5*x. List the prime factors of x.
5, 17
List the prime factors of 1590600/176 - 6/4.
2, 3, 251
Let f = 244 - 655. Let x = f + 1715. List the prime factors of x.
2, 163
Let o(x) = x**3 - 2*x**2 + 2*x - 131. Suppose p = -3*p + 3*s + 3, 0 = 3*p + s + 1. Let c be o(p). Let i = 369 + c. What are the prime factors of i?
2, 7, 17
Let z be (-4